 prime factors of h?
127
Suppose -7*i - 4*l + 1060 = -2*i, 0 = 3*l. List the prime factors of i.
2, 53
Let z = 43 - 25. Suppose -4*k + k = -5*p + z, 3*p - 14 = 5*k. Suppose 0 = -p*f - f + 32. What are the prime factors of f?
2
Suppose 5*s - 499 = -4*t, -4*t + 383 = -t + 2*s. List the prime factors of t.
131
Let o be -1*(-11 - -3) + -2. List the prime factors of (-440)/(-24) + (-2)/o.
2, 3
Let a(h) be the second derivative of -h**4/12 - 13*h**3/6 - 5*h**2 - 2*h. Let s = 19 + -30. What are the prime factors of a(s)?
2, 3
Let p(c) = -c**3 - 2*c**2 + 4. Let q be p(-4). Suppose -10 + q = l. List the prime factors of l.
2, 13
Let a be 14/8 + 2/8. Suppose 0 = -a*q + 3*q - 8. What are the prime factors of q?
2
Let m = 77 - -23. List the prime factors of m.
2, 5
Suppose -2*c = -92 + 2. What are the prime factors of c?
3, 5
Suppose v = 10 + 25. Let i = v + -23. Suppose -12 - i = -3*g. List the prime factors of g.
2
What are the prime factors of (-16)/(-12)*3 + 9?
13
Let w(f) = 2*f - 3. Let q be w(3). Suppose -2*j + 80 = 3*d, -3*d + 7*j + 92 = q*j. Let l = -15 + d. List the prime factors of l.
13
Let b be 6/(-4) - (-7)/2. What are the prime factors of b/(-1)*(-10)/4?
5
Suppose -4*g = -5*n - 3, -n - 9 = g + g. What are the prime factors of 145/30 - n/18?
5
Let l(u) = -8*u + 26. List the prime factors of l(-10).
2, 53
Let d(r) = r**2 + 6*r - 17. What are the prime factors of d(9)?
2, 59
Let i(v) = 2*v - 18. What are the prime factors of i(13)?
2
Let z = 10 + -4. Let a(k) = 4*k + 1. Let n be a(z). Suppose -3*f + n + 11 = 0. What are the prime factors of f?
2, 3
Let v = -155 - -270. Suppose -5*k - 3*z + v = -51, -5*k + 181 = -2*z. What are the prime factors of k?
5, 7
Let l be 0 + 1/(1/25). Suppose 4*g - 6 = g. Suppose -3*c - g*c = -l. What are the prime factors of c?
5
List the prime factors of (1 - -43)*13/26.
2, 11
Suppose -b = 3*h - 2*h + 3, -3*b - 15 = 0. Suppose -3*z = h*z - 105. What are the prime factors of z?
3, 7
Suppose -4*n = 5*u - 5*n - 380, -u + 100 = -5*n. Suppose 0 = 5*v - 10*v + u. What are the prime factors of v?
3, 5
Let a(c) = -c**3 + 5*c**2 - 2*c + 3. Suppose k - 14 + 4 = -3*l, 5*l = -5*k + 10. List the prime factors of a(l).
11
Suppose -4*w = n - 708, 4*n - 9*n = 5*w - 885. What are the prime factors of w?
3, 59
Let w(g) = -19*g**3 + 5*g**2 + 4*g - 4. Let j(a) = -20*a**3 + 6*a**2 + 5*a - 5. Let m(k) = 4*j(k) - 5*w(k). What are the prime factors of m(1)?
2, 7
Suppose 0 = -2*v + 4*k + 8, -v - 2 = 3*k + 4. Suppose v*f + j = -5*f + 80, -2*f - 5*j + 55 = 0. What are the prime factors of f*((-12)/(-5) - 2)?
2, 3
Let j(w) = w**2 + 4*w - 6. Suppose -5*y - 3*c - 15 = -0*c, 2*c = -4*y - 12. Let r be -8 + 3*(-2)/y. What are the prime factors of j(r)?
2, 3
Let g be 2/5 - (-636)/10. Suppose 2*k - k - g = 0. Suppose -4*s = 20 - k. What are the prime factors of s?
11
Suppose -3*x + 0*x = -15. Suppose -4*d + s = -12, -x*d + 4*s = -1 - 3. List the prime factors of d.
2
Suppose -129 = -2*w - w. Suppose 0 = -3*f + 8 + w. What are the prime factors of f?
17
Let l be 0 - 15/6*-2. Suppose l*d + 0 = 15. What are the prime factors of d?
3
Let z(d) = 2*d**2 + 2*d - 18. What are the prime factors of z(-9)?
2, 3, 7
Let n(g) = g**3 + 15*g**2 + 4. Let o be n(-15). List the prime factors of (116/(-8))/((-2)/o).
29
Suppose 3*m + 25 = 8*m. Suppose -m = -4*y + 83. Suppose 0 = j - 0*a - 4*a + 17, j = 5*a - y. List the prime factors of j.
3
Let j(t) = -30*t + 3. What are the prime factors of j(-8)?
3
Suppose 2*h + h = j - 8, -5*j = -5*h + 10. Let n = j + 19. List the prime factors of n.
2, 3
Suppose -s - 37 = -2*s + 4*d, d = s - 22. Suppose 4*q + 3*h - 43 = 0, 5*q + 5*h = s + 43. What are the prime factors of q?
7
Suppose -3*j + 51 = -6*j. Let d = j - -29. List the prime factors of d.
2, 3
Let w(g) = 6*g + 4. Let d be w(2). Suppose 2*q - d = -i + 39, 4*i - 185 = -q. List the prime factors of i.
3, 5
Suppose 3*a = -2*a + 20. Suppose a*b - 25 - 23 = 0. Suppose b = -0*t + 2*t. What are the prime factors of t?
2, 3
Let m = 12 - 6. Suppose 0 = -d + 3 - m. Let u = d + 8. What are the prime factors of u?
5
Let o = 34 + -14. Suppose -5*u - o = 0, 4*p - u = -4*u + 24. What are the prime factors of p?
3
Let k(c) = c**3 - 2*c**2 + c + 69. What are the prime factors of k(0)?
3, 23
Let u(k) = k**3 + 9*k**2 + 6*k - 10. Let l be u(-8). What are the prime factors of -1 - 1*l*-1?
5
Suppose 0 = 3*s + 28 - 10. Let a(j) = -j**2 - 6*j - 2. Let f be a(s). What are the prime factors of f*2/(-4) + 4?
5
Suppose 7*u - 5*u + 40 = 0. What are the prime factors of (16/u)/((-2)/45)?
2, 3
Suppose -2*m + 256 = -0*m. List the prime factors of m.
2
Let v(l) = l**2 + 3*l - 4. Let i be v(8). Let s = i - 60. List the prime factors of s.
2, 3
What are the prime factors of (-19 + 7)*(-2)/3?
2
Let u = 53 - 31. Suppose -4*p + 44 = -0*j + 3*j, 2*p + j - u = 0. What are the prime factors of p?
11
Let g = 67 + -45. What are the prime factors of g?
2, 11
What are the prime factors of (0 - 4 - -3) + (-2900)/(-10)?
17
Suppose -z + 2 = -29. What are the prime factors of z?
31
Let g(z) = z**3 + 11*z**2 - 3*z + 4. What are the prime factors of g(-10)?
2, 67
Let u = 7 - 7. Suppose u = 3*g - 7*g + 12. What are the prime factors of g?
3
Let m(w) = w**3 + 3*w**2 - 16*w + 10. What are the prime factors of m(6)?
2, 7, 17
Suppose 0 = -3*y - 11 - 16. List the prime factors of (4/(-2))/(-1) - y.
11
Let s = -40 - -160. Suppose j + 2*w - 27 = 0, 0 = -j + 6*j - 5*w - s. Suppose 0*c + 2*c - j = -u, 5*c - 62 = -2*u. List the prime factors of c.
2, 3
Let m(p) be the second derivative of -p**4/12 + 5*p**3/6 + 7*p**2/2 - 3*p. Let r be m(5). Let v(c) = -c + 16. List the prime factors of v(r).
3
Suppose a = -3*z - 0*a + 38, -4*a - 4 = -z. What are the prime factors of z?
2, 3
Let p = 5 + -3. Suppose 2*m - 2 = -2*n, -4*m + p*m - 3 = n. Suppose 5*z + t - 33 = 0, -3*t = -n*t - 4. List the prime factors of z.
7
Suppose 17*a - 16*a = 127. List the prime factors of a.
127
Let u(i) = 4*i**2 - i. What are the prime factors of u(-1)?
5
What are the prime factors of -46*(-6)/4 - 4?
5, 13
Let l(b) = b**3 - 9*b**2 + 12*b + 4. List the prime factors of l(9).
2, 7
What are the prime factors of (-3 + 71 + -1)*2?
2, 67
Suppose 20*n - 435 = 15*n. List the prime factors of n.
3, 29
Let i = 5 - 1. Suppose -10 = i*v + 14. Let h = v + 8. List the prime factors of h.
2
What are the prime factors of 3/(6*(-2)/(-16))?
2
Suppose -4*u + u = 2*q - 15, 4*u = 5*q - 3. List the prime factors of (24/18)/(u/36).
2
Let n = -10 - -7. Let w = n + 5. Suppose -3*v + 65 - 23 = -w*d, -d = 0. List the prime factors of v.
2, 7
Let d(v) = 10*v**2 - 4*v - 17. What are the prime factors of d(-6)?
367
Let x(n) = -3*n + 1. Let f(o) be the third derivative of o**4/6 - o**3/6 - o**2. Let z(y) = 4*f(y) + 5*x(y). What are the prime factors of z(7)?
2
Let b(c) = c**2 - c + 10. Let k be b(0). Let l = k - 12. What are the prime factors of l + (1 - (3 + -26))?
2, 11
Let d(g) = 4*g - 1. Let r be d(4). Suppose r = p - 5*v, 3*v + 53 = 2*p - 5. Suppose 3*y + 5*h - p = 0, 2*h - 10 - 12 = -2*y. List the prime factors of y.
2, 5
Let l = 2 + -8. List the prime factors of -62*1*3/l.
31
Suppose 10 = -2*y + 3*r, -4*r + 10 = y - 2*y. Let t be y + 2 + 0 + 23. Suppose 5*s = -3*f + 71, -2*s - f + t = 2*f. What are the prime factors of s?
2
Let y be (-30)/(-4)*8/(-10). Let z be 1*(-3)/y*2. List the prime factors of (-5 - -6) + z*3.
2
What are the prime factors of (-60)/12 + 1*248?
3
Suppose -2*t - 3*p + 70 = -0*t, -132 = -4*t - 2*p. What are the prime factors of t?
2
Let j(d) = -d + 6. Let n = -1 + 4. Let q be j(n). Suppose h + 5*o - 39 = 0, -5*o - 4 + 71 = q*h. What are the prime factors of h?
2, 7
Let p = 13 + -19. List the prime factors of 2*6/(p/(-3)).
2, 3
Suppose -4*x = 5*f - 337, -f - 5*x + 50 = -10*x. Suppose -5*n + f = -l - 3*l, 5*n + 4*l - 25 = 0. List the prime factors of 21/n - 2/(-3).
3
Let r(l) = -l**3 - 4*l**2 - 2*l - 4. Let d be r(-4). Suppose -d*u - u + 49 = 4*z, -u = -5*z - 33. What are the prime factors of u?
13
Let f = -6 + -1. Let u(p) = p**2 + 5*p + 4. Let q be u(-3). Let x = q - f. What are the prime factors of x?
5
Let z = 49 + -27. Suppose 5*n + 5 = -2*g, 24 = -2*n + n - 5*g. List the prime factors of ((-2)/(-4))/(n/z).
11
Let r(s) = s**3 - 3*s**2 + 2*s + 2. Let x be 8 - 1 - (7